 -11).
12
Evaluate 4 + 3 + 43 + -52 - (5 - 0).
-7
What is -6 - 3 - (5 + (9 - (5 + 2)))?
-16
What is 6 + (-7 - 2 - -4) + -3?
-2
-2 - (-3 - 2) - -1 - (3 + 11)
-10
Evaluate -8 - -9 - -7 - (11 - 35).
32
What is -24 - -31 - (6 + (-4 - -11 - 5))?
-1
What is the value of 6 + (-289 - -298) + -1 + 0 + -14?
0
-2 - (4 + -9) - -1
4
What is the value of 13 - (10 - 4 - -1)?
6
What is the value of 1 + (-8 + (-12 - -8) - -1) + 18?
8
What is the value of 6 - (-126 + 140 + 2 + -28)?
18
-116 + 114 - ((1 - 0) + 2)
-5
What is the value of (-1 - (-3 - -11)) + -271 + 267 + -3?
-16
What is (-17 - (11 - -12)) + 20?
-20
What is -21 - (22 + -48 + -5)?
10
Evaluate -9 - (-1 + -12 + 18 - 19).
5
What is the value of -20 - (-21 - -78) - -40?
-37
What is the value of -4 - (10 + (5 - 3) + -3)?
-13
What is (14 - (22 - 13)) + 17 + 3?
25
Evaluate 10 + -10 + 6 + -1 + -3 - -8.
10
What is the value of -13 - (-57 + 15) - 20?
9
3 + (3 + -9 + 0 - (-10 - -2))
5
38 + -32 + -43 + 23
-14
-16 + -12 + 18 + (10 - -1)
1
What is the value of (-15 - 4) + 1 + 32?
14
What is 2 + 7 + 0 + (17 - (-14 + 16))?
24
What is the value of (12 + -4 - 8) + (11 - (5 - 3))?
9
Evaluate -3 - 14 - (-4 + 6 - -1 - 0).
-20
What is the value of (2 + -4 - 33) + -208 + 223?
-20
Calculate 3 + -6 + 0 + 9 + -12 + -6.
-12
What is (56 - (24 - -15)) + 11?
28
Calculate -10 + (2 - -7) - (3 + -7).
3
What is -22 + 5 - (-6 - (32 - -11))?
32
(-6 - -1) + (-41 - 1) + 32
-15
What is the value of 762 - 768 - (0 + -39)?
33
What is -6 + -2 + 0 + (2 - -3)?
-3
Evaluate (18 - 5) + 6 + (-20 - -11) - 5.
5
What is the value of 43 + -29 + 8 - ((1 - 1) + 10)?
12
Calculate -13 + -19 + 2 + 36 - 34.
-28
31 - (-5 + 21) - 9
6
Evaluate 3 - (3 - 3) - 7.
-4
(15 + -46 - -29) + -8
-10
Evaluate 71 + -82 + (6 - ((10 - -1) + 6)).
-22
What is (0 - 9) + (-12 - -3 - (7 + -19))?
-6
What is the value of -6 + 3 + (-10 - 0 - -16)?
3
Evaluate -1 - (-2 + -2 + 6 + 3).
-6
9 + (-146 + 147 - (0 + 0 + 7))
3
1 + 0 + (-14 - (16 + -12 - 7))
-10
What is the value of 1 + -4 + (1 - -1) + -2 - -5?
2
-2 + 2 + 18 + (4 - 8 - 5)
9
Evaluate -104 + 52 + 43 - (1 - 0 - -2).
-12
-27 + (56 - 13) - (-7 - -1)
22
What is 0 + -1 + (-31 - -33 - -3)?
4
What is 38 - (61 - (52 + -47))?
-18
What is (-4 - (-4 - -6) - (-10 + 1)) + 1?
4
What is 6 - (8 - 5 - 3) - -10?
16
Calculate 9 - -1 - (18 + -16 + -22 + 28).
2
What is the value of -72 + -12 + 28 + 38?
-18
Evaluate 20 + -9 + (20 - 49).
-18
Evaluate 14 - (-13 + (19 - 6)).
14
Calculate -30 - (-30 - (-13 - -17)).
4
What is (-13 - -11) + -2 + (-9 - -14)?
1
What is the value of -2 - -8 - (5 - 3) - 5?
-1
Evaluate (1 - (-2 + 2)) + 0.
1
What is -9 + -12 + (15 - 4)?
-10
Calculate 47 - (30 - 9) - 34.
-8
What is the value of -18 - (-11 - (-5 - 2 - (-18 - -16)))?
-12
Evaluate (2 - 1) + -17 + (20 - 1) + -21.
-18
Calculate -83 - -88 - (-5 - 15 - (0 + -2)).
23
What is -13 + -18 + 20 - -4?
-7
Calculate -34 - (-8 - -18 - (-1 - -26)).
-19
Calculate -4 - (11 + 9 + -32 + 10) - 28.
-30
What is the value of 2 + (-6 - -1 - (-4 - -16)) + -5?
-20
What is the value of -5 + (2 - -4) + 7 + -7?
1
What is (-2 - -6) + -13 + (8 - -4) - 1?
2
What is 11 + -7 + 20 + -19 + 13?
18
Evaluate (-2 - 6) + 2 + 3 - (0 + -1).
-2
Evaluate 3 + (-4 - (-1 + (-2 - -5 - 1))).
-2
Calculate (-5 - -1) + (-17 - -33).
12
(17 - 31) + (3 - -2) - (-1 - 6)
-2
What is -3 - -13 - (-11 - -12) - (2 + -10)?
17
-6 + (-6 - (-19 - -10))
-3
Evaluate -2 - (8 + -10 + -3) - -7.
10
Calculate -8 + 16 - (-14 + (3 - 5)).
24
Evaluate 3 - (-10 + 4 + 11) - (-1 + 7).
-8
Evaluate -2 + 7 + -5 + (-1 - (-7 + 1)).
5
Calculate -4 + (5 - (4 - -1) - (24 + -14)).
-14
6 - (15 - 19) - -28
38
What is the value of -8 - -15 - (-2 + 7) - (-12 + 8)?
6
What is (2 - -22) + (203 - 223)?
4
What is the value of -3 - (56 + -59 - (24 - 2 - 3))?
19
Calculate -15 + (-9 - -20) - -6 - 5.
-3
What is the value of -6 + 0 - -5 - 24 - -13?
-12
Evaluate -5 - ((-9 - -14 - 10) + 1).
-1
What is the value of -26 + (-27 - -53 - 26)?
-26
Calculate (81 - 86) + 0 + -6 + -3.
-14
Evaluate (5 - 0) + 131 + -142.
-6
Evaluate -16 - (-1 - (-27 - -23)).
-19
What is 35 + 12 + -8 + -21?
18
What is the value of (-4 - (3 - 0)) + (-11 - (-8 - 19))?
9
-10 + 18 + -8 + (2 - -1) + 3
6
What is the value of -9 + -2 - -3 - (151 - 143)?
-16
Evaluate 1 - 4 - (-11 + 5).
3
Calculate 8 - 9 - -1 - (-4 - (4 + -17)).
-9
Calculate -1 + (16 - (-5 - -21)) + 1 + 0.
0
What is -6 + -1 - (-12 + 10 - 20)?
15
What is the value of 51 + (-40 + 8 - -10) + 6?
35
What is the value of (-6 - -14) + (-16 - -7) - 5?
-6
Calculate 2 + 0 + (22 - 28) + (1 - 10).
-13
What is 8 + (-31 + (-9 - -26) - 26)?
-32
Evaluate 13 + 9 - ((-2 - -6) + -2) - -8.
28
What is 40 - (7 + 15) - (14 - -2)?
2
What is the value of -6 + -8 + 13 + 5?
4
48 + -28 - -14 - 13
21
What is (43 - 46) + 8 + 2 - -7?
14
Calculate (24 - -1) + 16 + -30 - 15.
-4
Evaluate 13 + (34 - 21 - 16).
10
What is -8 - (-9 - (14 + -24))?
-9
Calculate -10 + (10 - 2) + 7.
5
What is (-3 - -16 - 17) + 1?
-3
Calculate -17 + (-21 - -45) + -17.
-10
Evaluate (-3 - (4 - 3 - 5)) + -2 + 17.
16
Calculate -7 + (0 - 11 - -5) - 2.
-15
What is (4 - (23 - 20)) + -19 + 0?
-18
-2 - (-2 - -9) - -13
4
What is the value of (-2 - -35) + (313 - 317)?
29
Calculate 36 + -37 + -17 + (-1 + 1 - 0).
-18
What is the value of 51 + -47 + (2 - 15)?
-9
What is 5 + (22 - (35 - -4))?
-12
Calculate (3 - (2 - -3)) + 5 + (4 - -6).
13
Evaluate -7 + (-14 - (-29 - (1 - 20))).
-11
What is (-1 - 0 - -18) + 14 + -3 + -16?
12
Calculate -1 + (4 - (6 + 4 - 5)) - -26.
24
-31 - (-10 + -26 + 39)
-34
Calculate 40 + -21 + -28 + (13 - 1).
3
What is 0 + -5 - (7 + -7 + -9)?
4
(-5 + 0 + 7 - (15 + -12)) + 1
0
What is the value of (4 - (-8 - 1)) + -5 + -18?
-10
What is -17 + -24 + 49 + -27?
-19
8 - 2 - 6 - (-2 + -11 - -6)
7
What is 10 + -7 - 1 - (-1 - -5 - 1)?
-1
Evaluate -26 + 31 - 2 - 20.
-17
Evaluate (50 - 39) + (-2 + 7 - 4).
12
Calculate -3 + (2 - (-1 - 2)) - (-38 - -45).
-5
Evaluate 23 - (38 + (-6 - -12)).
-21
Evaluate -6 - -3 - 4 - (0 + 1 + -21).
13
Calculate 11 - (-5 - -12) - (-5 - -7).
2
What is -3 + -14 + 22 + -21?
-16
Calculate (5 - (10 - (7 - 6))) + 5.
1
Evaluate (-6 + -14 - -14) + (1 - -2).
-3
What is 2 - (-7 + 1 - (-5 - -11 - 10))?
4
Calculate (12 - 0) + (-3 - (5 - 3 - 6)).
13
What is -19 + 2 + -3 - (-279 + 252)?
7
What is 0 + -8 + 21 + -21 + 2 + 6?
0
Calculate 33 + -44 - (-21 - 9).
19
Calculate (-5 - 0) + (28 - 18 - 2).
3
Evaluate 0 - (-5 + -5) - (12 + -12).
10
Calculate 18 + (1 + 1 - (66 + -65)).
19
What is the value of -7 + (-27 - (-24 + -6))?
-4
What is the value of -22 + 1 - (-33 + -62 - -82)?
-8
(305 - 315) + (3 - 0 - -1)
-6
What is the value of -2 + 14 + -2 + (-6 - -3)?
7
Evaluate (24 - 2) + (6 - 4) + -8.
16
Calculate -1 - (-14 + (8 + 12 - -12)).
-19
What is the value of 14 - ((6 - 5) + 10 - 6)?
9
49 - 41 - (0 - (-5 - 0))
3
1523 + -1567 - (1 - 67)
22
-17 + (1 - 56) - -40
-32
Calculate (7 + -1 - 1) + (28 - 40 - 3).
-10
Calculate -21 + (5 + -2 - -4) - -7 - -19.
12
Evaluate -2 - (8 + (-1 - (5 - -3) - -4)).
-5
What is 47 + -37 + (-6 - 1) + 2?
5
What is the value of (5 + -9 + 0 - (-7 + 6)) + 7?
4
What is 0 + -3 + (14 + -4 - 8) - 23?
-24
What is the value of -11 + (15 - (3 - -20))?
-19
Evaluate -11 + 1 + -71 + 86.
5
What is (-19 + -24 - 2) + 24?
-21
What is the value of (-9 - (4 + -21 + -5)) + 1?
14
(5 + -7 - (28 - 19)) + 14
3
0 + -2 - (-107 + 123 - (16 - 2))
-4
46 - (-12 + 46) - (43 + 2) - -5
-28
2 + 0 + -3 - (-20 - -10)
9
What is 17 - (14 - -31) - -5?
-23
What is -7 - (5 + -1 + 2) - (5 + 3)?
-21
-2 + (-11 - (-1 - -4)) - -12
-4
Calculate 4 - (-8 + 1 + (0 - -5)).
6
(-11 - (13 - 11)) + -1
-14
-9 + -19 + 2 + 8
-18
6 + (7 - 5 - 11) + -3
-6
What is the value of 2 - 27 - (-21 - 13)?
9
8 + -6 - (0 - 0) - (10 + -6)
-2
-16 + 12 - -13 - 5
4
Evaluate (1 - 7) + 0 + -51 + 1 + 55.
-1
Calculate 2 + (-4 - (-5 + 5) - 0) + 2.
0
What is the value of 3 + (-2 - 0) + -23 + 22 + -1?
-1
What is 6 + 8 + -9 + -3 + -15 + -4?
-17
Evaluate 3 + (3 - -5 - (-4 + 7)).
8
What is (105 - 93) + -7 + 0 - (-6 - -1)?
10
(-11 - -3 - -12) + 0 + -12
-8
Calculate 11 + (-46 - (-37 - -34)).
-32
-8 + (-15 - -62) + -29
10
Calculate (-17 - -42 - 5) + -62 + 2.
-40
Calculate -5 + (13 - 3) + (-7 + 2 - -2).
2
What is -4 + -18 + (-4 - -29)?
3
What is 3 + -1 + (2 + 3 - (35 - 27))?
-1
Calculate -10 - ((-7 - -8) + 1) - -7.
-5
What is the value of -4 - ((3 - -2) +